s be c(36). What is the highest common factor of s and 4395?
15
Suppose -4*q = -8, 304*x - 309*x = -4*q - 537. Calculate the greatest common factor of x and 48723.
109
Let k be 4/(-38) + (-1325750)/(-4750). Calculate the greatest common divisor of 117 and k.
9
Suppose -2*i = 5*w + 21, -2*w - 3 - 7 = 0. Let o be (2/(-4))/((-7)/(-28)*-2). Let u be (8 - o) + 3 + -6. Calculate the highest common divisor of u and i.
2
Let h = -2907 - -2991. What is the greatest common divisor of 28 and h?
28
Suppose 9*q - 30 + 3 = 0. Suppose 4*u = -5*y + 45, -5*u + 7*y - q*y = -87. Suppose 2*x = 55 + u. Calculate the highest common divisor of x and 315.
35
Let m(v) = -v**3 - 17*v**2 + 90*v - 87. Let s be m(-23). Calculate the greatest common factor of s and 3503.
113
Suppose -4*t - 420 = -5*y, 0 = -y + 2 + 2. Let x = t + 192. What is the highest common divisor of x and 69?
23
Suppose 0 = s - 5*d - 1, 7*s - 96 = 3*s - 3*d. Suppose 6*y = 63 + s. Suppose 7*t - 72 = 2*t - m, -t - 4*m = -22. What is the greatest common divisor of y and t?
14
Let u(x) = x**3 + 2*x**2 + 5*x - 4. Let q be (-16)/(-6) + 1/3. Let n be u(q). Suppose -222 + 107 = 4*y - 147. What is the highest common factor of y and n?
8
Let s be ((-144)/(-42))/(-5*(-12)/630). What is the highest common divisor of 1668 and s?
12
Let g = 37 - 35. Suppose r + 4 = 2*w, 3*r - g*w - 1 - 3 = 0. Let a be 25/2*r/2. What is the greatest common divisor of a and 10?
5
Suppose 2*v + v = 99. Let t be 9/(-2)*(-2)/3. Suppose t*u - 27 = 6. Calculate the greatest common divisor of v and u.
11
Let k = 6944 + -6919. What is the greatest common factor of k and 15?
5
Let z be -6 + 6 + (-12)/8*-2. Suppose 1 = j - 2. Suppose 4*p - j*b = 104, 3 + 75 = z*p + b. Calculate the highest common factor of p and 13.
13
Let r(i) = -2*i**3 - 121*i**2 - 74*i - 372. Let x be r(-60). What is the highest common factor of x and 6396?
156
Let c be (-1 - (2 + -23))*1. Suppose 2*j + 5*g - 100 = 0, j - 2*g + 551 = 583. What is the greatest common factor of j and c?
20
Let w(h) = h + 12. Let c be w(-8). Suppose -r - 338 = -c*o + 186, -4*r = -o + 116. Let v = 5 - -28. What is the greatest common divisor of v and o?
33
Suppose 5*y + 2*i = 48, 11*y - 16*y - 4*i = -46. Suppose 0 = 10*h - y - 10. Suppose 0 = -2*f + 5 + 11. Calculate the greatest common divisor of f and h.
2
Let n = -66 + 122. Suppose 0 = 8*j - 0*j - n. Suppose -1106 = -j*q + 784. Calculate the highest common divisor of q and 30.
30
Let f = -13326 - -13416. Let g(q) = -q**2 + 12*q + 4. Let o be g(6). What is the highest common factor of o and f?
10
Suppose 0 = -24*k + 13763 + 31525. Calculate the highest common divisor of 51 and k.
51
Suppose -5*p + 137 + 172 = 3*k, -195 = -3*p - 5*k. Let z(o) = 4*o**2 + 12*o + 4. Let j be z(6). What is the greatest common divisor of j and p?
20
Let w(c) = 255*c + 24. Let r be w(1). Suppose 4*a + 71 = 195. What is the highest common factor of a and r?
31
Let x = 3454 + -1982. What is the highest common divisor of 512 and x?
64
Let r be (-18)/45 + 55240/100. What is the greatest common divisor of r and 920?
184
Let p(x) = 342*x**2 + 232*x + 1175. Let c be p(-5). Calculate the greatest common divisor of c and 15.
15
Suppose -25*z - 62*z = -12093. What is the greatest common factor of z and 278?
139
Let b = -13 - -453. Let z = 888 - b. Calculate the greatest common divisor of 56 and z.
56
Let c(x) = -62193*x + 62189*x + 86 + 174. Let h be c(30). Calculate the highest common divisor of h and 175.
35
Suppose -4*m + j + 1194 = -2190, m - 2*j - 846 = 0. What is the highest common divisor of 72 and m?
18
Let d = -6488 + 6525. Let x(m) = -m**3 + 6*m**2 + 4*m - 2. Let n be x(3). Calculate the highest common factor of n and d.
37
Let k = -402 + 415. Suppose -b = -s - k, 16*s = b + 20*s - 28. Calculate the greatest common divisor of b and 128.
16
Suppose -283 = -39*k + 536. Calculate the highest common factor of k and 7203.
21
Suppose s + 2 = q, -7*q + 2*q = 2*s - 24. Let w be s + 58 + 6/1. What is the highest common factor of w and 220?
22
Suppose 303 = -36*s + 735. Suppose -19*q + 1540 = -s*q. What is the greatest common factor of q and 30?
10
Suppose -9 = -u, -66*h + 1110 = -65*h + 3*u. What is the highest common factor of 703 and h?
19
Suppose -3 = -3*o - h, -o + 5*h - 10 = 5. Suppose -305 = -4*p - 5*n - 0*n, o = -3*n + 15. What is the greatest common divisor of p and 30?
10
Let z(u) = u**2 + 5*u. Let k be z(-6). Let j be ((-21)/k)/7*-178. What is the highest common factor of 356 and j?
89
Let r(f) = -f**2 + 15*f - 15. Suppose 3*t - 5 - 7 = 0. Let o = 8 + t. Let n be r(o). What is the greatest common divisor of n and 189?
21
Suppose 0 = -4*l + 25 + 3. Suppose 0 = -5*b + 4*b + 3. Suppose q - 7 = 2*i, 4*q + 2*i + b = 1. Calculate the highest common factor of q and l.
1
Let x(p) = -88*p + 2817. Let l be x(32). What is the greatest common divisor of l and 279?
1
Let m = -1911 + 2114. Calculate the highest common factor of 35 and m.
7
Let l = -39 - -11. Let z = 13 + l. Let g be (-20 + -1)*z/45. Calculate the highest common factor of g and 77.
7
Let n = -8870 + 8991. What is the highest common factor of 2629 and n?
11
Let z be 1/(((-186)/(-8))/31*(-2)/(-13752)). Calculate the greatest common divisor of 48 and z.
48
Suppose 4*a - 20 = 4*y, 4*y = 5*a - 0*y - 28. Suppose -20 = v - a. Let r be (-894)/(-8) - v/48. What is the highest common factor of r and 16?
16
Suppose 12*l + 31*l = -32*l + 535350. Calculate the greatest common divisor of 166 and l.
166
Let i(d) = -d - 1. Let p be i(-9). Let g be p + 7/((-14)/(-8)). Suppose -b - 19 = -67. What is the highest common divisor of g and b?
12
Suppose 16010*t - 1268 = 15941*t + 526. Let n be 4/12 - 14/6. Let d be 4/(1 - (2 + n)). Calculate the highest common factor of d and t.
2
Suppose 0 = 68*n - 55494 - 23318. Calculate the greatest common divisor of 19 and n.
19
Suppose 15 = -5*b + 8*b. Suppose -b*u + 4*j = -3*u - 482, 5 = j. Let s = u + -179. Calculate the greatest common divisor of s and 9.
9
Suppose 1092 = -15*p + 372. Let y be (63/2)/(2 + 78/p). Calculate the highest common factor of y and 210.
42
Suppose -3*u - 18 = 0, 22 + 14 = 3*j + 2*u. Suppose 0 = -r - 3*r + 5*v + 19, 0 = 5*v + 15. Let n = r + 3. Calculate the highest common divisor of j and n.
4
Suppose -4*z + 3*r + 570 - 448 = 0, 2*z - 58 = 3*r. Let f(h) = h**3 - 8*h**2 + 4*h + 8. Let y be f(8). What is the greatest common divisor of z and y?
8
Let v(k) = -150*k - 728. Let u be v(-14). Calculate the greatest common divisor of u and 56.
28
Suppose -3*v + 4103 = l - 2371, 3*v = l + 6486. What is the highest common divisor of 200 and v?
40
Suppose 24 = 2*l - 4*h, 20*l - 23*l + 30 = -3*h. Suppose 2*y = l - 0, 4*y - 412 = -2*p. Calculate the greatest common divisor of p and 66.
66
Let l be (248/40 + -7)/(4/(-10)). Let z be (-3 - l) + 0 + 7. Calculate the highest common divisor of 34 and z.
2
Suppose 17*q = -7*q + 32976. Suppose -y = -q + 414. What is the greatest common divisor of 60 and y?
60
Let s(z) = -z + 14. Let u be s(-12). Suppose u = -7*f + 82. Suppose 42 = 5*m - 2*h, 3*m = 2*h + 3*h + 29. What is the highest common factor of f and m?
8
Let u(a) = -2*a - 7. Let x be u(-2). Let z be (36/60)/(x/(-1035)). Calculate the greatest common factor of 23 and z.
23
Let d(b) = -761*b - 2484. Let u be d(-4). Calculate the greatest common divisor of 4816 and u.
112
Let y = -21916 + 22039. What is the greatest common factor of 5084 and y?
41
Let h = -270 + -216. Let j = -471 - h. What is the highest common divisor of 55 and j?
5
Let t = -18205 + 18425. Calculate the greatest common divisor of t and 32.
4
Suppose -5*u + 108*d = 112*d - 205, -u - d = -40. Calculate the highest common divisor of u and 7515.
45
Let y = -6369 - -6381. Calculate the greatest common factor of y and 51.
3
Let q(i) = i**3 + 11*i**2 + 27*i - 9. Let c be q(-6). What is the highest common divisor of c and 4041?
9
Suppose 0 = 5*p + 3*h - 2003, 2 + 365 = p - 5*h. What is the highest common factor of 6 and p?
1
Let l(f) = f**2 + 11*f - 9. Let q be l(-12). Let b = -154 - -178. Calculate the greatest common divisor of b and q.
3
Let w be (259 + -20 - -3)*(-4)/(-8). Suppose -57 = -3*o + 9. Calculate the highest common divisor of w and o.
11
Let p be 2 - ((-8)/2 - 40). Let j = 1411 + -1158. What is the greatest